s digit of 2945?
4
What is the tens digit of 765?
6
What is the thousands digit of 5320?
5
What is the units digit of 887?
7
What is the thousands digit of 144682?
4
What is the units digit of 11039?
9
What is the tens digit of 1060?
6
What is the tens digit of 1725?
2
What is the hundreds digit of 4843?
8
What is the thousands digit of 2229?
2
What is the hundreds digit of 16285?
2
What is the hundreds digit of 1322?
3
What is the hundreds digit of 60264?
2
What is the units digit of 97325?
5
What is the units digit of 4606?
6
What is the hundreds digit of 11727?
7
What is the units digit of 1384?
4
What is the hundreds digit of 586?
5
What is the tens digit of 50906?
0
What is the hundreds digit of 2086?
0
What is the ten thousands digit of 12000?
1
What is the units digit of 35690?
0
What is the hundreds digit of 1119?
1
What is the tens digit of 7329?
2
What is the thousands digit of 15009?
5
What is the hundreds digit of 25825?
8
What is the tens digit of 53024?
2
What is the hundreds digit of 914?
9
What is the units digit of 33981?
1
What is the hundreds digit of 938?
9
What is the hundreds digit of 9366?
3
What is the thousands digit of 3862?
3
What is the thousands digit of 15048?
5
What is the units digit of 880?
0
What is the hundreds digit of 1158?
1
What is the hundreds digit of 3047?
0
What is the units digit of 635?
5
What is the hundreds digit of 3002?
0
What is the units digit of 6933?
3
What is the thousands digit of 23286?
3
What is the thousands digit of 2380?
2
What is the thousands digit of 4376?
4
What is the units digit of 1007?
7
What is the units digit of 17201?
1
What is the thousands digit of 17506?
7
What is the tens digit of 250?
5
What is the ten thousands digit of 50418?
5
What is the hundreds digit of 34880?
8
What is the hundreds digit of 33125?
1
What is the tens digit of 7905?
0
What is the thousands digit of 35523?
5
What is the thousands digit of 120369?
0
What is the units digit of 993?
3
What is the tens digit of 10975?
7
What is the units digit of 20447?
7
What is the hundreds digit of 2961?
9
What is the hundreds digit of 2074?
0
What is the hundreds digit of 2861?
8
What is the hundreds digit of 1603?
6
What is the tens digit of 780?
8
What is the units digit of 6?
6
What is the tens digit of 13111?
1
What is the hundreds digit of 43142?
1
What is the ten thousands digit of 51006?
5
What is the thousands digit of 18186?
8
What is the hundreds digit of 121?
1
What is the units digit of 873?
3
What is the units digit of 25798?
8
What is the thousands digit of 16773?
6
What is the tens digit of 118?
1
What is the hundreds digit of 1928?
9
What is the tens digit of 6607?
0
What is the units digit of 798?
8
What is the hundreds digit of 3271?
2
What is the hundreds digit of 454?
4
What is the thousands digit of 4210?
4
What is the thousands digit of 89107?
9
What is the thousands digit of 1716?
1
What is the tens digit of 12931?
3
What is the hundreds digit of 521?
5
What is the tens digit of 11276?
7
What is the ten thousands digit of 13951?
1
What is the ten thousands digit of 93655?
9
What is the tens digit of 572?
7
What is the hundreds digit of 23964?
9
What is the ten thousands digit of 30886?
3
What is the hundreds digit of 2756?
7
What is the thousands digit of 3148?
3
What is the hundreds digit of 7213?
2
What is the thousands digit of 22214?
2
What is the thousands digit of 40819?
0
What is the hundreds digit of 2992?
9
What is the hundreds digit of 596?
5
What is the thousands digit of 1547?
1
What is the tens digit of 81074?
7
What is the units digit of 6379?
9
What is the units digit of 32965?
5
What is the units digit of 7456?
6
What is the hundreds digit of 3173?
1
What is the units digit of 2411?
1
What is the units digit of 2520?
0
What is the thousands digit of 94644?
4
What is the tens digit of 3968?
6
What is the hundreds digit of 682?
6
What is the units digit of 780?
0
What is the tens digit of 3194?
9
What is the hundreds digit of 35095?
0
What is the thousands digit of 1882?
1
What is the tens digit of 2306?
0
What is the hundreds digit of 419?
4
What is the hundreds digit of 3781?
7
What is the units digit of 90548?
8
What is the units digit of 1637?
7
What is the units digit of 7609?
9
What is the tens digit of 316?
1
What is the thousands digit of 12083?
2
What is the tens digit of 9603?
0
What is the units digit of 8312?
2
What is the tens digit of 778?
7
What is the tens digit of 573?
7
What is the thousands digit of 1538?
1
What is the units digit of 800?
0
What is the hundreds digit of 1397?
3
What is the units digit of 28?
8
What is the hundreds digit of 2759?
7
What is the units digit of 6138?
8
What is the tens digit of 951?
5
What is the thousands digit of 1134?
1
What is the thousands digit of 46015?
6
What is the units digit of 66639?
9
What is the tens digit of 199586?
8
What is the thousands digit of 6217?
6
What is the hundreds digit of 33762?
7
What is the units digit of 1392?
2
What is the thousands digit of 13765?
3
What is the tens digit of 1852?
5
What is the thousands digit of 12233?
2
What is the thousands digit of 37652?
7
What is the hundreds digit of 8597?
5
What is the units digit of 8727?
7
What is the units digit of 735?
5
What is the tens digit of 992?
9
What is the hundreds digit of 1293?
2
What is the tens digit of 32140?
4
What is the units digit of 149?
9
What is the hundreds digit of 11738?
7
What is the units digit of 4365?
5
What is the tens digit of 43?
4
What is the hundreds digit of 108?
1
What is the units digit of 447?
7
What is the tens digit of 80?
8
What is the hundreds digit of 452?
4
What is the hundreds digit of 5572?
5
What is the tens digit of 790?
9
What is the ten thousands digit of 20089?
2
What is the thousands digit of 1995?
1
What is the hundreds digit of 441?
4
What is the hundreds digit of 4766?
7
What is the units digit of 16372?
2
What is the units digit of 5533?
3
What is the tens digit of 15299?
9
What is the thousands digit of 2392?
2
What is the ten thousands digit of 50868?
5
What is the tens digit of 2254?
5
What is the tens digit of 2345?
4
What is the tens digit of 989?
8
What is the units digit of 438?
8
What is the thousands digit of 1685?
1
What is the tens digit of 67?
6
What is the tens digit of 64759?
5
What is the thousands digit of 7482?
7
What is the tens digit of 3827?
2
What is the hundreds digit of 23584?
5
What is the thousands digit of 8605?
8
What is the units digit of 3318?
8
What is the hundreds digit of 2020?
0
What is the hundreds digit of 311?
3
What is the ten thousands digit of 49284?
4
What is the ten thousands digit of 15586?
1
What is the thousands digit of 5680?
5
What is the units digit of 35011?
1
What is the tens digit of 1653?
5
What is the hundreds digit of 797?
7
What is the tens digit of 8694?
9
What is the tens digit of 580?
8
What is the tens digit of 3611?
1
What is the tens digit of 57503?
0
What is the hundreds digit of 31003?
0
What is the tens digit of 2068?
6
What is the hundreds digit of 68122?
1
What is the units digit of 6048?
8
What is the thousands digit of 47432?
7
What is the units digit of 29195?
5
What is the tens digit of 296?
9
What is the hundreds digit of 4449?
4
What is the tens digit of 8069?
6
What is the units digit of 2610?
0
What is the tens digit of 2280?
8
What is the tens digit of 18711?
1
What is the units digit of 40?
0
What is the thousands digit of 8729?
8
What is the ten thousands digit of 46263?
4
What is the thousands digit of 1004?
1
What is the hundreds digit of 20518?
5
What is the tens digit of 1476?
7
What is the tens digit of 2657?
5
What is the hundreds digit of 1623?
6
What is the units digit of 2760?
0
What is the hundreds digit of 1304?
3
What is the hundreds digit of 24104?
1
What is the hundreds digit of 149?
1
What is the units digit of 12609?
9
What is the hundreds digit of 3572?
5
What is the thousands digit of 86764?
6
What is the thousands digit of 8071?
8
What is the units digit of 5633?
3
What is the hundreds digit of 1868?
8
What is the units digit of 300?
0
What is the tens digit of 47068?
6
What is the hundreds digit of 1233?
2
What is the units digit of 3853?
3
What is the thousands digit of 30952?
0
What is the units d